37 is divided by 174.
11
Calculate the remainder when 3614 is divided by 241.
240
Calculate the remainder when 291 is divided by 242.
49
What is the remainder when 3109673 is divided by 143?
138
What is the remainder when 25903 is divided by 471?
469
Calculate the remainder when 58168 is divided by 30.
28
What is the remainder when 19673 is divided by 156?
17
What is the remainder when 13211 is divided by 1886?
9
What is the remainder when 806 is divided by 650?
156
Calculate the remainder when 28182 is divided by 41.
15
What is the remainder when 33012 is divided by 267?
171
Calculate the remainder when 14619 is divided by 7292.
35
What is the remainder when 52488 is divided by 41?
8
What is the remainder when 272592 is divided by 52?
8
What is the remainder when 718 is divided by 338?
42
Calculate the remainder when 98575 is divided by 16.
15
Calculate the remainder when 342364 is divided by 342336.
28
Calculate the remainder when 15661 is divided by 231.
184
Calculate the remainder when 908496 is divided by 250.
246
Calculate the remainder when 491 is divided by 110.
51
Calculate the remainder when 5211 is divided by 25.
11
What is the remainder when 1514 is divided by 118?
98
Calculate the remainder when 3997 is divided by 29.
24
What is the remainder when 259288 is divided by 743?
724
What is the remainder when 17393 is divided by 4116?
929
Calculate the remainder when 2646 is divided by 323.
62
What is the remainder when 2508 is divided by 830?
18
Calculate the remainder when 28258 is divided by 23.
14
What is the remainder when 39683 is divided by 29?
11
Calculate the remainder when 1564132 is divided by 31.
27
Calculate the remainder when 34402 is divided by 134.
98
Calculate the remainder when 4448564 is divided by 855.
854
What is the remainder when 651480 is divided by 1?
0
Calculate the remainder when 83502 is divided by 41740.
22
Calculate the remainder when 175279 is divided by 17.
9
What is the remainder when 871829 is divided by 166?
163
What is the remainder when 37905 is divided by 123?
21
Calculate the remainder when 2625941 is divided by 363.
362
Calculate the remainder when 631 is divided by 80.
71
What is the remainder when 142348 is divided by 164?
160
What is the remainder when 1439 is divided by 65?
9
Calculate the remainder when 392167 is divided by 66.
61
What is the remainder when 510362 is divided by 170118?
8
Calculate the remainder when 48101 is divided by 99.
86
What is the remainder when 1966 is divided by 222?
190
Calculate the remainder when 6420 is divided by 301.
99
What is the remainder when 9657 is divided by 9637?
20
What is the remainder when 181092 is divided by 181085?
7
Calculate the remainder when 1895 is divided by 1793.
102
What is the remainder when 15254 is divided by 609?
29
What is the remainder when 2437 is divided by 101?
13
What is the remainder when 478 is divided by 16?
14
Calculate the remainder when 80894 is divided by 4.
2
What is the remainder when 584859 is divided by 479?
0
What is the remainder when 7456 is divided by 33?
31
Calculate the remainder when 4726 is divided by 434.
386
What is the remainder when 95556 is divided by 11943?
12
Calculate the remainder when 221433 is divided by 17030.
43
Calculate the remainder when 244 is divided by 70.
34
What is the remainder when 3926 is divided by 14?
6
Calculate the remainder when 815 is divided by 331.
153
Calculate the remainder when 128552 is divided by 19.
17
Calculate the remainder when 18549684 is divided by 385.
384
Calculate the remainder when 38878 is divided by 40.
38
What is the remainder when 1696 is divided by 561?
13
Calculate the remainder when 1587913 is divided by 478.
475
What is the remainder when 267115 is divided by 66774?
19
Calculate the remainder when 9976 is divided by 74.
60
Calculate the remainder when 28654 is divided by 1519.
1312
What is the remainder when 1273795 is divided by 550?
545
Calculate the remainder when 475 is divided by 161.
153
Calculate the remainder when 74944 is divided by 164.
160
What is the remainder when 12615 is divided by 14?
1
What is the remainder when 221750 is divided by 53?
51
Calculate the remainder when 92896 is divided by 750.
646
What is the remainder when 12034 is divided by 6005?
24
Calculate the remainder when 19476 is divided by 6469.
69
Calculate the remainder when 36515 is divided by 12170.
5
Calculate the remainder when 9669 is divided by 615.
444
Calculate the remainder when 4112 is divided by 417.
359
What is the remainder when 36587 is divided by 16?
11
Calculate the remainder when 4147 is divided by 95.
62
Calculate the remainder when 149789 is divided by 4537.
68
Calculate the remainder when 6807 is divided by 145.
137
Calculate the remainder when 1498 is divided by 439.
181
Calculate the remainder when 1561 is divided by 211.
84
What is the remainder when 29693 is divided by 201?
146
Calculate the remainder when 3342 is divided by 3329.
13
What is the remainder when 8110 is divided by 228?
130
What is the remainder when 11166 is divided by 39?
12
What is the remainder when 1127 is divided by 53?
14
What is the remainder when 7580 is divided by 579?
53
What is the remainder when 1096 is divided by 61?
59
Calculate the remainder when 283 is divided by 10.
3
Calculate the remainder when 4339 is divided by 161.
153
What is the remainder when 6047 is divided by 81?
53
What is the remainder when 16161 is divided by 20?
1
Calculate the remainder when 49369 is divided by 39.
34
Calculate the remainder when 9544 is divided by 876.
784
What is the remainder when 28480 is divided by 14227?
26
What is the remainder when 655351 is divided by 26?
21
Calculate the remainder when 32966 is divided by 59.
44
What is the remainder when 10206 is divided by 3271?
393
What is the remainder when 2037 is divided by 1932?
105
Calculate the remainder when 16019 is divided by 1242.
1115
What is the remainder when 410392 is divided by 216?
208
Calculate the remainder when 82859 is divided by 41.
39
Calculate the remainder when 15209 is divided by 54.
35
What is the remainder when 9971 is divided by 149?
137
What is the remainder when 182194 is divided by 1091?
1088
What is the remainder when 138679 is divided by 2391?
1
What is the remainder when 17688 is divided by 8839?
10
What is the remainder when 560778 is divided by 6?
0
Calculate the remainder when 2704 is divided by 2687.
17
Calculate the remainder when 247828 is divided by 96.
52
Calculate the remainder when 32360 is divided by 368.
344
Calculate the remainder when 59955 is divided by 191.
172
Calculate the remainder when 96509 is divided by 2838.
17
Calculate the remainder when 47121 is divided by 244.
29
What is the remainder when 40359 is divided by 44?
11
Calculate the remainder when 12874 is divided by 505.
249
What is the remainder when 38555 is divided by 54?
53
What is the remainder when 49868 is divided by 518?
140
What is the remainder when 933 is divided by 220?
53
Calculate the remainder when 554958 is divided by 343.
327
Calculate the remainder when 566 is divided by 30.
26
What is the remainder when 69535 is divided by 443?
427
Calculate the remainder when 265676 is divided by 132806.
64
What is the remainder when 465287 is divided by 356?
351
Calculate the remainder when 1355 is divided by 1157.
198
What is the remainder when 53812 is divided by 33?
22
Calculate the remainder when 25572 is divided by 174.
168
What is the remainder when 1429 is divided by 235?
19
Calculate the remainder when 439 is divided by 435.
4
Calculate the remainder when 6194 is divided by 353.
193
Calculate the remainder when 97002 is divided by 282.
276
Calculate the remainder when 2796 is divided by 39.
27
What is the remainder when 146915 is divided by 244?
27
Calculate the remainder when 1204 is divided by 799.
405
What is the remainder when 438 is divided by 45?
33
What is the remainder when 24354 is divided by 126?
36
What is the remainder when 15265 is divided by 5035?
160
Calculate the remainder when 4186 is divided by 127.
122
What is the remainder when 1699 is divided by 672?
355
Calculate the remainder when 3602 is divided by 487.
193
Calculate the remainder when 3441 is divided by 11.
9
What is the remainder when 2263 is div